35 and 72?
9
What is the greatest common factor of 47 and 1363?
47
Calculate the greatest common divisor of 3374 and 14.
14
What is the highest common factor of 5 and 1760?
5
What is the greatest common factor of 25 and 64?
1
What is the greatest common factor of 71 and 7242?
71
What is the highest common factor of 4 and 148?
4
What is the greatest common divisor of 1495 and 2210?
65
What is the highest common factor of 32 and 368?
16
Calculate the highest common factor of 61 and 17873.
61
Calculate the greatest common factor of 12 and 100.
4
Calculate the greatest common factor of 594 and 88.
22
What is the greatest common factor of 8 and 976?
8
Calculate the highest common factor of 28 and 252.
28
Calculate the greatest common divisor of 1 and 49.
1
Calculate the greatest common divisor of 37 and 37.
37
Calculate the highest common divisor of 12 and 438.
6
What is the highest common divisor of 71 and 9159?
71
What is the greatest common factor of 177 and 45?
3
Calculate the highest common factor of 49 and 28.
7
What is the highest common divisor of 30 and 256?
2
Calculate the highest common factor of 259 and 629.
37
What is the highest common divisor of 102 and 321?
3
What is the greatest common factor of 37 and 71669?
37
What is the greatest common factor of 56 and 21?
7
Calculate the greatest common divisor of 149 and 182227.
149
What is the greatest common factor of 186 and 310?
62
Calculate the highest common factor of 39112 and 8.
8
Calculate the greatest common divisor of 292 and 12.
4
What is the highest common factor of 330 and 506?
22
Calculate the greatest common factor of 44 and 1067.
11
Calculate the highest common factor of 3663 and 74.
37
What is the greatest common factor of 444 and 30?
6
Calculate the highest common divisor of 318 and 901.
53
Calculate the highest common divisor of 2 and 11.
1
Calculate the greatest common divisor of 90 and 2130.
30
Calculate the greatest common factor of 552 and 207.
69
What is the greatest common divisor of 15 and 75?
15
What is the highest common divisor of 9436 and 28?
28
What is the highest common factor of 47 and 3?
1
What is the greatest common divisor of 105 and 245?
35
Calculate the highest common factor of 1350 and 50.
50
What is the greatest common divisor of 510 and 1200?
30
What is the highest common factor of 24 and 102?
6
Calculate the greatest common factor of 225 and 1935.
45
What is the greatest common divisor of 243 and 12?
3
What is the greatest common factor of 24 and 168?
24
What is the highest common factor of 395 and 79790?
395
What is the greatest common divisor of 594 and 54?
54
Calculate the greatest common factor of 3815 and 20.
5
What is the highest common factor of 224 and 6752?
32
Calculate the highest common divisor of 24548 and 51.
17
Calculate the greatest common factor of 3325 and 1197.
133
Calculate the highest common divisor of 925 and 2405.
185
What is the greatest common divisor of 936 and 117?
117
Calculate the highest common factor of 17388 and 92.
92
What is the highest common factor of 3429 and 216?
27
What is the highest common factor of 902 and 176?
22
What is the highest common factor of 266 and 5662?
38
What is the greatest common factor of 14 and 1526?
14
Calculate the highest common divisor of 5 and 70.
5
Calculate the highest common divisor of 168 and 42.
42
Calculate the highest common factor of 351 and 36.
9
Calculate the highest common divisor of 3856 and 192.
16
Calculate the highest common divisor of 5894 and 126.
14
What is the highest common factor of 14570 and 235?
235
What is the greatest common divisor of 107 and 5350?
107
What is the greatest common factor of 5 and 7265?
5
What is the highest common divisor of 23550 and 100?
50
Calculate the greatest common divisor of 108 and 2076.
12
Calculate the highest common divisor of 1008 and 27.
9
Calculate the greatest common divisor of 49 and 7.
7
Calculate the greatest common factor of 1566 and 54.
54
Calculate the highest common divisor of 339 and 904.
113
Calculate the greatest common factor of 1250 and 10.
10
Calculate the highest common divisor of 112 and 48.
16
Calculate the highest common divisor of 161 and 299.
23
What is the highest common factor of 64 and 1792?
64
What is the greatest common factor of 35 and 455?
35
What is the greatest common divisor of 4624 and 102?
34
What is the greatest common factor of 41 and 533?
41
What is the greatest common divisor of 275 and 11?
11
Calculate the greatest common divisor of 7474 and 1414.
202
What is the greatest common factor of 5 and 1690?
5
What is the greatest common factor of 910 and 5200?
130
What is the greatest common factor of 627 and 57?
57
Calculate the greatest common factor of 1 and 727.
1
What is the greatest common factor of 95 and 2090?
95
What is the greatest common divisor of 34151 and 1924?
481
What is the highest common factor of 15 and 9810?
15
Calculate the greatest common divisor of 11295 and 15.
15
Calculate the highest common factor of 640 and 35.
5
Calculate the greatest common factor of 6 and 16.
2
What is the highest common factor of 198 and 154?
22
What is the greatest common factor of 39 and 2197?
13
Calculate the highest common factor of 13 and 3770.
13
Calculate the greatest common divisor of 594 and 1818.
18
Calculate the highest common factor of 352 and 128.
32
Calculate the highest common divisor of 39 and 426.
3
What is the highest common factor of 20480 and 10?
10
Calculate the greatest common divisor of 5152 and 552.
184
What is the highest common divisor of 74 and 3182?
74
What is the greatest common factor of 54 and 150?
6
What is the greatest common divisor of 2356 and 124?
124
What is the greatest common divisor of 189 and 1197?
63
Calculate the greatest common divisor of 625 and 3625.
125
Calculate the highest common divisor of 32 and 52.
4
What is the highest common divisor of 32 and 128?
32
What is the greatest common factor of 291 and 12?
3
What is the highest common factor of 5533 and 11?
11
What is the highest common factor of 15729 and 1605?
321
What is the highest common factor of 387 and 1247?
43
What is the greatest common divisor of 2674 and 280?
14
What is the greatest common factor of 120 and 24?
24
What is the highest common divisor of 110 and 80?
10
What is the greatest common divisor of 228 and 12?
12
Calculate the greatest common factor of 13 and 1963.
13
Calculate the greatest common divisor of 90 and 162.
18
What is the highest common divisor of 90 and 108?
18
Calculate the highest common divisor of 18368 and 287.
287
Calculate the greatest common factor of 55 and 1144.
11
Calculate the highest common factor of 8648 and 552.
184
Calculate the highest common divisor of 6 and 222.
6
What is the highest common divisor of 50 and 8775?
25
What is the highest common factor of 12 and 534?
6
Calculate the greatest common divisor of 19 and 1349.
19
What is the highest common divisor of 188 and 141?
47
What is the highest common divisor of 50689 and 293?
293
Calculate the greatest common divisor of 5505 and 75.
15
Calculate the greatest common divisor of 4 and 116.
4
What is the highest common factor of 294 and 196?
98
What is the greatest common divisor of 4708 and 642?
214
What is the highest common divisor of 19406 and 248?
62
Calculate the highest common factor of 223 and 9589.
223
Calculate the greatest common factor of 105 and 20055.
105
What is the highest common factor of 600 and 10?
10
Calculate the highest common divisor of 14 and 189.
7
What is the greatest common divisor of 820 and 360?
20
What is the highest common divisor of 186 and 582?
6
Calculate the highest common factor of 725 and 100.
25
Calculate the greatest common factor of 418 and 704.
22
What is the greatest common divisor of 437 and 133?
19
Calculate the highest common factor of 351 and 273.
39
What is the greatest common factor of 518 and 56?
14
Calculate the greatest common divisor of 2812 and 2294.
74
What is the highest common factor of 800 and 2075?
25
What is the greatest common factor of 452 and 15142?
226
What is the highest common divisor of 21 and 4179?
21
Calculate the highest common factor of 250 and 20.
10
Calculate the highest common factor of 1786 and 94.
94
What is the highest common divisor